u(f).
-1
Suppose u + 1 = -6. Let c(x) = x**2 + 3*x - 3. What is c(u)?
25
Let k be -1 + (-3 - -2) - -5. Let h(l) = 13*l**2 + 0 + 1 - 14*l**2 - l. Let m(o) = -3*o**2 + o + 6. Let g(y) = -2*h(y) + m(y). What is g(k)?
4
Let f(c) = 8*c**2 + c - 1. Let g(p) = -17*p**2 - 2*p + 3. Let t(m) = -5*f(m) - 2*g(m). Give t(-1).
-6
Let s be 1*(-3 + 0) - -2. Let v(z) be the third derivative of -7*z**5/60 + z**3/6 - 2*z**2. Give v(s).
-6
Let y(c) = -4*c + 3. Let l be y(2). Let d(r) = -15*r - 2 - 4 + 13*r. Determine d(l).
4
Let h(m) = m**3 - 6*m**2 + 7*m - 7. Let r(f) = -f + 10. Let d be r(7). Let b = 1 - d. Let l = 7 + b. What is h(l)?
3
Let q(m) = 5*m - 3 - 2 + 3 + 0. What is q(2)?
8
Let h(g) be the third derivative of g**6/120 + g**5/10 + g**4/6 - 7*g**3/6 - 3*g**2. Determine h(-5).
-2
Let s be (-3 - (-1 - -1))/(-1). Suppose -2*u + u = -s. Let i(y) = -3 + 2*y - y**3 - 2*y**2 + 8 - u*y**2. Calculate i(-5).
-5
Suppose -3 = 5*x - 8. Let f(h) = -10*h**3 - 2*h**2 + 2*h - 1. Determine f(x).
-11
Let i(q) = 4*q. Let o(p) = p**2 - 5*p + 3. Let j = -5 - -10. Suppose -j*a - 1 = -21. Let n be o(a). What is i(n)?
-4
Let c(k) = -3*k**3 - 3*k**2 + 1 - 3*k**3 + 2*k + 5*k**2. Let h be ((-10)/(-3) - 1)*-3. Let r = 6 + h. Determine c(r).
7
Let z(k) be the first derivative of -6*k - 1/3*k**3 - 4 - 4*k**2. Calculate z(-6).
6
Let c(j) = 2*j**3 - 3*j**2 + 2. Let o(g) = 3*g**2 - 2*g**2 + 0*g**2 - g. Let k be o(-1). What is c(k)?
6
Let i = 2 + 3. Let o(d) = -2*d**3 - d**3 + 4*d**3 + 4*d - 1 - i*d**2. Calculate o(3).
-7
Let z(t) = -t + 0*t + 2*t. Suppose 3*r + 3 = 0, w - 3*r = 2*r + 3. Let i be z(w). Let f(u) = -3*u - 2. Determine f(i).
4
Suppose 3*f = -2*f - 5. Let q(o) be the first derivative of -o**2 - 1. Give q(f).
2
Let l be (-10)/(-6) - (-4)/12. Suppose -l*s + 5*g = -25, -4*s - s + 5*g = -25. Let i = 5 - s. Let w(o) = -o**2 + 4*o - 5. Calculate w(i).
-10
Let t(q) = q - 5. Let h be t(-4). Let u be h/(-6)*(-2)/3. Let j(v) = v**2 - v - 2*v**2 - 7*v**2. What is j(u)?
-7
Let p be ((-1)/(-2))/((-2)/(-8)). Let v(l) = l + l + l - p*l. Calculate v(-4).
-4
Let r be (2 - 0) + (0 - 6). Let i(t) = t**3 + 5*t**2 + 5*t + 6. Calculate i(r).
2
Let s(d) be the first derivative of -d**2/2 + 2*d + 4. Suppose -2*m + 5*w - 32 = 0, -16 = -4*w - 0*w. What is s(m)?
8
Suppose -q = -3*q. Let d(n) = 3 + n + n**3 - 3 - n**2 - 2*n**3 + 12. What is d(q)?
12
Let g(x) = -2*x**3 - 10 + 3 + 10*x**2 + 8*x + 3*x**3. Calculate g(-9).
2
Let z(b) be the second derivative of -b**5/20 - 5*b**4/12 + b**3/3 + 7*b**2/2 + 6*b. Give z(-5).
-3
Let i(v) = -v**3 - v + 1. Let j be (1/3)/(-3*5/(-45)). Give i(j).
-1
Let v(c) = c**2 + 2*c - 1. Suppose -42 = -3*h - 3*k, 5*h - 73 = -0*h - 2*k. Let t be (-54)/h + 8/(-20). Determine v(t).
7
Let u(g) = 3*g + 7. Suppose -25 = 7*f - 2*f. Give u(f).
-8
Let f(m) = -3*m**2 - m + 0*m + 0*m**2 - 5 + m**3. Let l = -9 - -13. What is f(l)?
7
Let o(m) = 6*m + 1. Let c be -8*(-2)/(8/6). Suppose 3*a - c = -3*v, -3*v - 20 = -2*a - 7. Calculate o(v).
-5
Let v(u) = u**3 + 5*u**2 + u. Let h(n) = 2*n**3 + 10*n**2 + 3*n - 1. Let t(f) = -3*h(f) + 5*v(f). What is t(-4)?
3
Let u(l) = -l**2 - 7*l + 7. Let a be u(-7). Let o(g) = 1 + 3*g**2 - a - 4*g**2 - 5*g. Let w(j) = -j**3 + j - 5. Let m be w(0). Give o(m).
-6
Let w(q) = -q**2 + 10*q + 8. Let j = -4 - -15. Let l be w(j). Let y(x) = -1. Let p(i) = 3*i - 1. Let r(n) = -p(n) + 5*y(n). Determine r(l).
5
Let f(s) = s**3 + s**2 - 3*s + 1. Let p(j) = -j**2 + 11*j + 16. Let w be p(12). Let r be 10/6 + 4/(-6). Suppose w*d = -11 - r. Calculate f(d).
-8
Let q(n) be the second derivative of -n**4/12 + 4*n**3/3 + 4*n**2 - 19*n. Determine q(9).
-1
Let v(d) be the second derivative of 7*d**3/6 - d**2/2 - 14*d. What is v(-1)?
-8
Suppose -5*o = 2 - 12. Suppose o*u = 3*u - 4. Let m(z) = z**2 - 4*z - 5. Let i be m(u). Let s(b) = -b - 9. Calculate s(i).
-4
Let z(y) = 8*y**2 + 17*y - 11. Let m(r) = -3*r**2 - 6*r + 4. Let q(s) = -11*m(s) - 4*z(s). What is q(4)?
8
Let z(h) = -h**3 - 6*h**2 + 2*h + 8. Let p = -8 + 20. Suppose p = -0*t - t. Let n be (-2 - (-10)/4)*t. Calculate z(n).
-4
Suppose -4*k + 5*u + 16 = -3*k, -2*u - 20 = 3*k. Let a(p) be the second derivative of -p**3/6 + p**2/2 + p. Give a(k).
5
Let r(g) = -7*g**3 - g**2 + g. Let i(y) = 2*y + 21. Let n be i(-10). Determine r(n).
-7
Let r(l) = -48*l + 111. Let w(s) = -3*s + 7. Let n(j) = 2*r(j) - 33*w(j). Give n(6).
9
Suppose -4*n - 6 = -6*n, -k = n - 5. Let p(s) = -s - 2. Let f be p(k). Let i = f + 4. Let b(q) = q**2 - 6. Give b(i).
-6
Suppose 0*z = -2*z. Suppose 0 = -5*f - z*f. Let x(l) = 7*l**2 + 6*l + 1. Let b(j) = j**2 + j - 1. Let c(v) = 6*b(v) - x(v). Determine c(f).
-7
Let n be (0 + 6)*7/14. Let t(q) = 2*q**2 + 2. What is t(n)?
20
Let y(n) be the third derivative of -n**4/8 + 7*n**3/6 - 4*n**2 - 2. Give y(5).
-8
Let j(m) be the third derivative of -m**6/120 - m**5/60 + m**4/12 - m**3/6 + m**2. Suppose 4 + 6 = -5*t. Let c be j(t). Let h(a) = 7*a. What is h(c)?
-7
Let v be (0 - 1) + 6/(-1). Let f(b) = b + 9. Let z be f(v). Let n(r) = -4*r + 2*r - 3*r + 7 - r**z. What is n(-5)?
7
Let w = 0 - -4. Let u = w - 4. Let y(q) = q. Give y(u).
0
Let v(y) be the third derivative of -y**8/20160 - y**7/1260 - y**5/15 - 2*y**2. Let a(l) be the third derivative of v(l). Determine a(-4).
0
Suppose 0 = -4*t - 3*m + 27, 11 = t - 2*m - 4. Let s(l) = 2 + 10*l**3 - t*l**3 + 2*l**2 - 2*l**2. Calculate s(0).
2
Let z(u) = 0*u + 5 + 3*u - 3*u + 2*u. Give z(-6).
-7
Let u be 3/1*(-3)/(-9). Let o(s) = -3 + 2*s + u + 2. Let l(g) = -2*g - 1. Let d(t) = 2*l(t) + 3*o(t). Calculate d(2).
2
Suppose 0 = -2*w + 23 - 7. Let c = w - 14. Let h = c - -3. Let b(u) = u**3 + 4*u**2 - u - 1. Calculate b(h).
11
Let k be -4*(5/(-4))/5. Let n(c) = -6*c**3 + c**2 - 1. Let z be n(k). Let v(m) = -m**2 - 6*m + 3. Let g(w) = 1. Let l(t) = -g(t) - v(t). Give l(z).
-4
Let i(v) be the second derivative of -v**3/2 + 3*v**2 - v. Let h(t) be the third derivative of t**6/24 - t**4/24 - 2*t**2. Let o be h(1). Determine i(o).
-6
Suppose 0 = -3*o - 0*o - 4*k - 5, -4*o - 5*k = 7. Let v(n) be the first derivative of -3*n**2/2 - 4*n + 1. What is v(o)?
5
Let f(x) = -5*x. Let k = 18 - 1. Suppose -4*t - 2*d + 15 = 3, 3*d = -5*t + k. Determine f(t).
-5
Let f(t) = t**2 + t. Let r = 9 - 7. Suppose r*i = 4*k, i - k = 6*i. Determine f(i).
0
Suppose 4 = x + 3*x. Let g be x*2 + -4 + 3. Let c(d) = 2*d**2 - d. Determine c(g).
1
Let s(a) = 5*a**3 - 9*a**2 + 2*a - 5. Let c(b) = 4*b**3 - 8*b**2 + b - 4. Let l(h) = 6*c(h) - 5*s(h). Give l(-3).
13
Let x(v) = 12*v - 4. Let l(k) = -k + 1. Let h(w) = -5*l(w) - x(w). Let n be h(-1). Let p be n/(-1)*(-2)/(-4). Let m(r) = -r**3 - 4*r**2 - 5*r - 4. What is m(p)?
2
Let p(g) = -4 + 3*g**3 - 5*g**2 + 0*g**2 + 5*g - 2*g**3. Let k be p(4). Let i(a) = -a**2 + a - 5 - a. What is i(k)?
-5
Let k(m) = -6*m + 14*m - 7*m. Let s be 52/14 - 4/(-14). Suppose -s*a - 2*b - 18 = 0, -2*b = a + a + 12. What is k(a)?
-3
Let x(m) = -m**3 - 3*m**2 + 3*m - 4. Let c be x(-4). Suppose c = 4*j + j. Let f(g) = -2*g - 27. Let w(q) = -q - 13. Let y(a) = -3*f(a) + 7*w(a). What is y(j)?
-10
Let f(r) = -38*r + 1 - 2 + 39*r. Determine f(6).
5
Let p(d) = 4*d**3 - 3*d + 4. Suppose 2*a + 10 = 0, -v + a = 3*a + 15. Let k(g) = 5*g**3 - 4*g + 5. Let l(t) = v*k(t) + 6*p(t). Determine l(-2).
3
Let a = 13 - 9. Let t(q) = -3*q**3 + 0*q**3 + 2*q**3 + 2*q**2 - 2 + 6*q. Determine t(a).
-10
Suppose 3*f + 2*s = 10, -4*s + 24 = -4*f + 4. Let r be 264/56 - 6/(-21). Let q(y) = -y**3 + r*y**3 - y + f*y - 5*y**3 - 2 + 2*y**2. Give q(2).
-4
Let a(d) = -8*d**2 + 1. Let x be 9/(-18)*(-7 - 1). Suppose -5*z + x = -1. Determine a(z).
-7
Suppose -5*k = -2*k - 36. Suppose 2*n + 4*g - 24 = 0, 3*n + 5*g - 20 = k. Let d(a) = -a**3 + 5*a**2 - 2*a - 5. Calculate d(n).
3
Let r = 12 - 6. Suppose 0 = 3*y - y - r. Let t(x) = x**3 - x**2 - 5*x + 2. Give t(y).
5
Let r be (-4)/6 - 14/(-3). Let y(c) be the first derivative of -3/2*c**2 - 6 + 1/3*c**3 - 5*c. Calculate y(r).
-1
Let b(o) be the second derivative of -o**3/2 - 2*o**2 - 3*o. Suppose -36 = 2*p + 2*p. Let l(v) = -v**2 - 10*v - 13. Let y be l(p). Calculate b(y).
8
Let k(s) = s + 3. Suppose 1 = z - 1. Suppose -v + 5*w + 10 = w, z = -4*v + 2*w. Calculate k(v).
1
Let o(v) = 2*v - 1. Let h = -34 + 40. Give o(h).
11
Suppose 2*o = -4*n + 2 + 4, 0 = 3*o - 2*n - 9. Let p(q)